{"id":27,"date":"2022-08-21T18:23:37","date_gmt":"2022-08-21T18:23:37","guid":{"rendered":"https:\/\/escort-point.com\/escortpoint_trans\/?page_id=27"},"modified":"2024-12-09T00:32:03","modified_gmt":"2024-12-08T23:32:03","slug":"escortpoint-trans","status":"publish","type":"page","link":"https:\/\/escort-point.com\/escortpoint_trans\/","title":{"rendered":"EscortPoint Trans"},"content":{"rendered":"\n<h2 class=\"wp-block-heading has-text-align-center has-medium-font-size\">Benvenuti nella sezione di EscortPoint dedicata ai trans Roma, trans Milano. Annunci e recensioni di sexy transex in tutta Italia<\/h2>\n\n\n\n<p class=\"has-text-align-center\">Annunci e recensioni di Trans Roma, Trans Milano, Schemale e Transex in Italia. EscortPoint Trans annunci sexy per incontri trasgressivi e sicuramente esclusivi. In questa nuova versione di Escort Point siete liberi di consultare, leggere e pubblicare annunci &amp; recensioni . Il servizio \u00e8 gratuito. Nel rispettando le regole e la policy del sito, i Visitatori, purch\u00e9 maggiorenni di et\u00e0, possono aggiungere le loro recensioni. Se lo desiderano. Aiutando la scelta dei futuri utenti. Buona navigazione da: <br><a href=\"https:\/\/www.escort-point.com\/\" target=\"_blank\" rel=\"noreferrer noopener\">Escort-Point.com<\/a><\/p>\n\n\n\n<div class=\"wp-block-nk-awb nk-awb alignfull nk-awb-fullheight nk-awb-content-valign-center\"><div class=\"nk-awb-wrap\" data-awb-type=\"image\" data-awb-parallax=\"scale-opacity\" data-awb-parallax-speed=\"-1\" data-awb-parallax-mobile=\"true\" data-awb-image-background-size=\"cover\" data-awb-image-background-position=\"99% 99%\" data-awb-mouse-parallax=\"true\" data-awb-mouse-parallax-size=\"30\" data-awb-mouse-parallax-speed=\"10000\"><div class=\"nk-awb-inner\"><img loading=\"lazy\" decoding=\"async\" src=\"https:\/\/escort-point.com\/escortpoint_trans\/wp-content\/uploads\/2023\/11\/Escort-Roma_Isa.jpg\" class=\"wp-image-503 jarallax-img\" width=\"393\" height=\"516\" ><\/div><\/div><div class=\"nk-awb-wrap-content\">\n<div class=\"wp-block-buttons\">\n<div class=\"wp-block-button has-custom-width wp-block-button__width-100 has-custom-font-size is-style-fill\" style=\"font-size:27px\"><a class=\"wp-block-button__link has-vivid-red-background-color has-background has-text-align-center wp-element-button\" href=\"https:\/\/www.escort-point.com\/escort\/top-escort-roma-isa-3714305626\/\">Strappami le mutande!!!<\/a><\/div>\n<\/div>\n<\/div><\/div>\n\n\n\n<h2 class=\"wp-block-heading has-text-align-center has-medium-font-size\">Annunci delle Trans in evidenza<\/h2>\n\n\n\n<div class=\"wp-block-geodirectory-geodir-widget-listings\"><div class=\"geodir-listings bsui sdel-9fe0a007\" >\t\t<div id=\"geodir_69f716975956b\" class=\"geodir_locations geodir_location_listing\n\t\t\t\t\t\t\t mb-3 border border-warning rounded-circle shadow-lg\t\t position-relative\">\n\t\t\t\t<div\n\t\tclass=\"row row-cols-1 row-cols-sm-2 geodir-category-list-view geodir-widget-posts geodir-gridview row-cols-md-4\">\n\t\t\n<div class=\"col px-1 mb-2 geodir-post post-850 gd_place type-gd_place status-publish has-post-thumbnail\" data-post-id=\"850\">\n\t\t<div class=\"card h-100 p-0 m-0 mw-100 border-0 shadow-lg\">\n\t<div class=\"card-img-top overflow-hidden position-relative  \">\n\n<span class=\"bsui gd-badge-meta\"><span  class=\"gd-badge border-0 badge ab-top-left-angle\"  data-id=\"850\"  data-badge=\"featured\"  data-badge-condition=\"is_not_empty\"  onclick=\" if(typeof ga == 'function' &#038;&#038; !jQuery(this).hasClass('gd-event-tracked')) { ga('send', 'event', {eventCategory: 'CTA',eventAction: 'featured',transport: 'beacon' });jQuery(this).addClass('gd-event-tracked');} \"  style=\"background-color:rgba(255,38,0,0.39);border-color:rgba(255,38,0,0.39);color:#ffffff;\"  >In Evidenza<\/span>\n<\/span>\n\n\n\n\n\n<span class=\"bsui gd-badge-meta\"><a href=\"vip\" target=\"_blank\"  class=\"gd-badge border-0 badge mw-100 d-block mx-auto ab-bottom-left-angle mb-n3 ms-n3\"  data-id=\"850\"  data-badge=\"special_offers\"  data-badge-condition=\"is_not_empty\"  onclick=\" if(typeof ga == 'function' &#038;&#038; !jQuery(this).hasClass('gd-event-tracked')) { ga('send', 'event', {eventCategory: 'CTA',eventAction: 'special_offers',transport: 'beacon' });jQuery(this).addClass('gd-event-tracked');} \"  style=\"background-color:rgba(255,38,0,0.36);border-color:rgba(255,38,0,0.36);color:#ffffff;\"  ><span class='hover-content'>Play Video<\/span><span class='hover-content-original'>V i p<\/span><\/a>\n<\/span>\n\n<span class=\"bsui gd-badge-meta\"><span  class=\"gd-badge border-0 badge mw-100 d-block mx-auto ab-bottom-right-angle me-n2 mb-n3\"  data-id=\"850\"  data-badge=\"post_status\"  data-badge-condition=\"is_not_empty\"  onclick=\" if(typeof ga == 'function' &#038;&#038; !jQuery(this).hasClass('gd-event-tracked')) { ga('send', 'event', {eventCategory: 'CTA',eventAction: 'post_status',transport: 'beacon' });jQuery(this).addClass('gd-event-tracked');} \"  style=\"background-color:rgba(255,0,0,0.32);border-color:rgba(255,0,0,0.32);color:#f9f8f8;\"  >100%ok<\/span>\n<\/span>\n\n<span class=\"bsui gd-badge-meta\"><a href=\"https:\/\/escort-point.com\/escortpoint_trans\/incontri\/trans\/trans-in-roma\/\" class=\"gd-badge border-0 badge float-start ms-2 ab-bottom-left mb-n1 ms-n1\"  data-id=\"850\"  data-badge=\"default_category\"  data-badge-condition=\"is_not_empty\"  style=\"background-color:rgba(115,111,111,0.09);border-color:rgba(115,111,111,0.09);color:rgba(254,254,254,0.41);\"  >EscortPoint<\/a>\n<\/span>\n\n\n<div class=\"wp-block-geodirectory-geodir-widget-post-images\"><div class=\"geodir-post-slider bsui sdel-d726f8a7\" ><div class=\"geodir-image-container geodir-image-sizes-medium_large overflow-hidden\">\n\t\t\t<div class=\"geodir-images aui-gallery geodir-images-n-1 geodir-images-image carousel-inner \">\n\t\t<div class=\"carousel-item active\"><a href='https:\/\/escort-point.com\/escortpoint_trans\/incontri\/diana-conde\/' class='geodir-link-image embed-has-action ratio ratio-1x1 ratio ratio-1x1 d-block'><img loading=\"lazy\" decoding=\"async\" src=\"https:\/\/escort-point.com\/escortpoint_trans\/wp-content\/uploads\/2024\/12\/Diana_TransRoma_2.webp\" alt=\"Diana TransRoma 2\" width=\"600\" height=\"398\" class=\"align size-medium_large geodir-image-53 embed-item-cover-xy w-100 p-0 m-0 mw-100 border-0\" srcset=\"https:\/\/escort-point.com\/escortpoint_trans\/wp-content\/uploads\/2024\/12\/Diana_TransRoma_2.webp 600w, https:\/\/escort-point.com\/escortpoint_trans\/wp-content\/uploads\/2024\/12\/Diana_TransRoma_2-300x199.webp 300w, https:\/\/escort-point.com\/escortpoint_trans\/wp-content\/uploads\/2024\/12\/Diana_TransRoma_2-500x332.webp 500w\" sizes=\"auto, (max-width: 600px) 100vw, 600px\" \/><i class=\"fas fa-link w-auto h-auto\" aria-hidden=\"true\"><\/i><\/a><\/div>\t\t<\/div>\n\t\t<\/div>\n<\/div><\/div>\n\n\n<\/div>\n\n<div class=\"card-body p-2  \">\n\n\n<div class=\"wp-block-geodirectory-geodir-widget-post-title\"><div class=\"geodir-post-title bsui sdel-aab20678\" ><h3 class=\"geodir-entry-title  h6 text-truncate mb-n1 text-danger text-center ellipsis\"><a href=\"https:\/\/escort-point.com\/escortpoint_trans\/incontri\/diana-conde\/\" class=\"text-danger\" title=\"View: Trans Roma Diana Conde\">Trans Roma Diana Conde<\/a><\/h3><\/div><\/div>\n\n\n<p class=\"mb-n1 fw-normal fs-sm\" style=\"line-height:1;\">Trans Roma di lusso Vip. Internacional Location Appartamento totalmente unico, con aria\u2026<\/p>\n\n<\/div>\n\n<div class=\"card-footer p-2  pt-0 pb-0\">\n\n<\/div>\t<\/div>\n\t<\/div>\n\t<\/div>\n\t\t<\/div>\n\t\t<\/div><\/div>\n\n\n\n<hr class=\"wp-block-separator has-text-color has-vivid-red-color has-alpha-channel-opacity has-vivid-red-background-color has-background is-style-dots\"\/>\n\n\n\n<div class=\"wp-block-geodirectory-geodir-widget-categories\"><div class=\"geodir-categories-container bsui sdel-ae915b8c\" ><div class=\"gd-categories-widget  mb-3\"><div class=\"gd-cptcat-row gd-cptcat-gd_place \"><div class=\"row row-cols-1 row-cols-sm-2 row-cols-md-5\"><div class=\"gd-cptcat-ul gd-cptcat-parent col mb-4\"><div class=\"card h-100 p-0 m-0 border-0 bg-transparent shadow-sm\">\n\t<div class=\"card-body position-relative text-center btn btn-outline-primary p-1 py-1\">\n\t\t<div class=\"gd-cptcat-cat-right text-uppercase text-truncate\">\n\t\t\t<a href=\"https:\/\/escort-point.com\/escortpoint_trans\/incontri\/trans\/trans-in-roma\/\" class=\"stretched-link text-reset h6 fw-bold\">Trans in Roma<\/a> <span class=\"gd-cptcat-count ms-2 badge text-bg-light \">3<\/span>\t\t<\/div>\n<\/div><\/div><\/div><div class=\"gd-cptcat-ul gd-cptcat-parent col mb-4\"><div class=\"card h-100 p-0 m-0 border-0 bg-transparent shadow-sm\">\n\t<div class=\"card-body position-relative text-center btn btn-outline-primary p-1 py-1\">\n\t\t<div class=\"gd-cptcat-cat-right text-uppercase text-truncate\">\n\t\t\t<a href=\"https:\/\/escort-point.com\/escortpoint_trans\/incontri\/trans\/trans-pordenone\/\" class=\"stretched-link text-reset h6 fw-bold\">Trans Pordenone<\/a> <span class=\"gd-cptcat-count ms-2 badge text-bg-light \">1<\/span>\t\t<\/div>\n<\/div><\/div><\/div><\/div><\/div><\/div><\/div><\/div>\n\n\n\n<p class=\"has-text-align-center\"><\/p>\n<div class=\"pvc_clear\"><\/div><p id=\"pvc_stats_27\" class=\"pvc_stats total_only  \" data-element-id=\"27\" style=\"\"><i class=\"pvc-stats-icon small\" aria-hidden=\"true\"><svg aria-hidden=\"true\" focusable=\"false\" data-prefix=\"far\" data-icon=\"chart-bar\" role=\"img\" xmlns=\"http:\/\/www.w3.org\/2000\/svg\" viewBox=\"0 0 512 512\" class=\"svg-inline--fa fa-chart-bar fa-w-16 fa-2x\"><path fill=\"currentColor\" d=\"M396.8 352h22.4c6.4 0 12.8-6.4 12.8-12.8V108.8c0-6.4-6.4-12.8-12.8-12.8h-22.4c-6.4 0-12.8 6.4-12.8 12.8v230.4c0 6.4 6.4 12.8 12.8 12.8zm-192 0h22.4c6.4 0 12.8-6.4 12.8-12.8V140.8c0-6.4-6.4-12.8-12.8-12.8h-22.4c-6.4 0-12.8 6.4-12.8 12.8v198.4c0 6.4 6.4 12.8 12.8 12.8zm96 0h22.4c6.4 0 12.8-6.4 12.8-12.8V204.8c0-6.4-6.4-12.8-12.8-12.8h-22.4c-6.4 0-12.8 6.4-12.8 12.8v134.4c0 6.4 6.4 12.8 12.8 12.8zM496 400H48V80c0-8.84-7.16-16-16-16H16C7.16 64 0 71.16 0 80v336c0 17.67 14.33 32 32 32h464c8.84 0 16-7.16 16-16v-16c0-8.84-7.16-16-16-16zm-387.2-48h22.4c6.4 0 12.8-6.4 12.8-12.8v-70.4c0-6.4-6.4-12.8-12.8-12.8h-22.4c-6.4 0-12.8 6.4-12.8 12.8v70.4c0 6.4 6.4 12.8 12.8 12.8z\" class=\"\"><\/path><\/svg><\/i> <img loading=\"lazy\" decoding=\"async\" width=\"16\" height=\"16\" alt=\"Loading\" src=\"https:\/\/escort-point.com\/escortpoint_trans\/wp-content\/plugins\/page-views-count\/ajax-loader-2x.gif\" border=0 \/><\/p><div class=\"pvc_clear\"><\/div>","protected":false},"excerpt":{"rendered":"<p>Benvenuti nella sezione di EscortPoint dedicata ai trans Roma, trans Milano. Annunci e recensioni di sexy transex in tutta Italia Annunci e recensioni di Trans Roma, Trans Milano, Schemale e Transex in Italia. EscortPoint Trans annunci sexy per incontri trasgressivi e sicuramente esclusivi. In questa nuova versione di Escort Point siete liberi di consultare, leggere [&hellip;]<\/p>\n","protected":false},"author":1,"featured_media":0,"parent":0,"menu_order":7,"comment_status":"closed","ping_status":"closed","template":"page-whoop.php","meta":{"footnotes":""},"class_list":["post-27","page","type-page","status-publish","hentry"],"a3_pvc":{"activated":true,"total_views":411,"today_views":0},"yoast_head":"<!-- This site is optimized with the Yoast SEO plugin v27.5 - https:\/\/yoast.com\/product\/yoast-seo-wordpress\/ -->\n<title>EscortPoint Trans - escort-point.com<\/title>\n<meta name=\"description\" content=\"EscortPoint trans: Leggete e pubblicate gratis, annunci e recensioni di top-trans, trans Roma, trans Milano, shemale Roma, transex Italia\" \/>\n<meta name=\"robots\" content=\"noindex, follow, max-snippet:-1, max-image-preview:large, max-video-preview:-1\" \/>\n<meta property=\"og:locale\" content=\"it_IT\" \/>\n<meta property=\"og:type\" content=\"article\" \/>\n<meta property=\"og:title\" content=\"EscortPoint Trans - escort-point.com\" \/>\n<meta property=\"og:description\" content=\"EscortPoint trans: Leggete e pubblicate gratis, annunci e recensioni di top-trans, trans Roma, trans Milano, shemale Roma, transex Italia\" \/>\n<meta property=\"og:url\" content=\"https:\/\/escort-point.com\/escortpoint_trans\/\" \/>\n<meta property=\"og:site_name\" content=\"EscortPoint Trans\" \/>\n<meta property=\"article:modified_time\" content=\"2024-12-08T23:32:03+00:00\" \/>\n<meta name=\"twitter:card\" content=\"summary_large_image\" \/>\n<meta name=\"twitter:label1\" content=\"Tempo di lettura stimato\" \/>\n\t<meta name=\"twitter:data1\" content=\"1 minuto\" \/>\n<script type=\"application\/ld+json\" class=\"yoast-schema-graph\">{\"@context\":\"https:\\\/\\\/schema.org\",\"@graph\":[{\"@type\":\"WebPage\",\"@id\":\"https:\\\/\\\/escort-point.com\\\/escortpoint_trans\\\/\",\"url\":\"https:\\\/\\\/escort-point.com\\\/escortpoint_trans\\\/\",\"name\":\"EscortPoint Trans - escort-point.com\",\"isPartOf\":{\"@id\":\"https:\\\/\\\/escort-point.com\\\/escortpoint_trans\\\/#website\"},\"primaryImageOfPage\":{\"@id\":\"https:\\\/\\\/escort-point.com\\\/escortpoint_trans\\\/#primaryimage\"},\"image\":{\"@id\":\"https:\\\/\\\/escort-point.com\\\/escortpoint_trans\\\/#primaryimage\"},\"thumbnailUrl\":\"https:\\\/\\\/escort-point.com\\\/escortpoint_trans\\\/wp-content\\\/uploads\\\/2023\\\/11\\\/Escort-Roma_Isa.jpg\",\"datePublished\":\"2022-08-21T18:23:37+00:00\",\"dateModified\":\"2024-12-08T23:32:03+00:00\",\"description\":\"EscortPoint trans: Leggete e pubblicate gratis, annunci e recensioni di top-trans, trans Roma, trans Milano, shemale Roma, transex Italia\",\"breadcrumb\":{\"@id\":\"https:\\\/\\\/escort-point.com\\\/escortpoint_trans\\\/#breadcrumb\"},\"inLanguage\":\"it-IT\",\"potentialAction\":[{\"@type\":\"ReadAction\",\"target\":[\"https:\\\/\\\/escort-point.com\\\/escortpoint_trans\\\/\"]}]},{\"@type\":\"ImageObject\",\"inLanguage\":\"it-IT\",\"@id\":\"https:\\\/\\\/escort-point.com\\\/escortpoint_trans\\\/#primaryimage\",\"url\":\"\",\"contentUrl\":\"\"},{\"@type\":\"BreadcrumbList\",\"@id\":\"https:\\\/\\\/escort-point.com\\\/escortpoint_trans\\\/#breadcrumb\",\"itemListElement\":[{\"@type\":\"ListItem\",\"position\":1,\"name\":\"Home\",\"item\":\"https:\\\/\\\/escort-point.com\\\/escortpoint_trans\\\/\"},{\"@type\":\"ListItem\",\"position\":2,\"name\":\"EscortPoint Trans\"}]},{\"@type\":\"WebSite\",\"@id\":\"https:\\\/\\\/escort-point.com\\\/escortpoint_trans\\\/#website\",\"url\":\"https:\\\/\\\/escort-point.com\\\/escortpoint_trans\\\/\",\"name\":\"EscortPoint Trans\",\"description\":\"EscortPoint trans Roma, trans Milano, transex in Italia\",\"publisher\":{\"@id\":\"https:\\\/\\\/escort-point.com\\\/escortpoint_trans\\\/#organization\"},\"potentialAction\":[{\"@type\":\"SearchAction\",\"target\":{\"@type\":\"EntryPoint\",\"urlTemplate\":\"https:\\\/\\\/escort-point.com\\\/escortpoint_trans\\\/?s={search_term_string}\"},\"query-input\":{\"@type\":\"PropertyValueSpecification\",\"valueRequired\":true,\"valueName\":\"search_term_string\"}}],\"inLanguage\":\"it-IT\"},{\"@type\":\"Organization\",\"@id\":\"https:\\\/\\\/escort-point.com\\\/escortpoint_trans\\\/#organization\",\"name\":\"EscortPoint Trans\",\"url\":\"https:\\\/\\\/escort-point.com\\\/escortpoint_trans\\\/\",\"logo\":{\"@type\":\"ImageObject\",\"inLanguage\":\"it-IT\",\"@id\":\"https:\\\/\\\/escort-point.com\\\/escortpoint_trans\\\/#\\\/schema\\\/logo\\\/image\\\/\",\"url\":\"\",\"contentUrl\":\"\",\"caption\":\"EscortPoint Trans\"},\"image\":{\"@id\":\"https:\\\/\\\/escort-point.com\\\/escortpoint_trans\\\/#\\\/schema\\\/logo\\\/image\\\/\"}}]}<\/script>\n<!-- \/ Yoast SEO plugin. -->","yoast_head_json":{"title":"EscortPoint Trans - escort-point.com","description":"EscortPoint trans: Leggete e pubblicate gratis, annunci e recensioni di top-trans, trans Roma, trans Milano, shemale Roma, transex Italia","robots":{"index":"noindex","follow":"follow","max-snippet":"max-snippet:-1","max-image-preview":"max-image-preview:large","max-video-preview":"max-video-preview:-1"},"og_locale":"it_IT","og_type":"article","og_title":"EscortPoint Trans - escort-point.com","og_description":"EscortPoint trans: Leggete e pubblicate gratis, annunci e recensioni di top-trans, trans Roma, trans Milano, shemale Roma, transex Italia","og_url":"https:\/\/escort-point.com\/escortpoint_trans\/","og_site_name":"EscortPoint Trans","article_modified_time":"2024-12-08T23:32:03+00:00","twitter_card":"summary_large_image","twitter_misc":{"Tempo di lettura stimato":"1 minuto"},"schema":{"@context":"https:\/\/schema.org","@graph":[{"@type":"WebPage","@id":"https:\/\/escort-point.com\/escortpoint_trans\/","url":"https:\/\/escort-point.com\/escortpoint_trans\/","name":"EscortPoint Trans - escort-point.com","isPartOf":{"@id":"https:\/\/escort-point.com\/escortpoint_trans\/#website"},"primaryImageOfPage":{"@id":"https:\/\/escort-point.com\/escortpoint_trans\/#primaryimage"},"image":{"@id":"https:\/\/escort-point.com\/escortpoint_trans\/#primaryimage"},"thumbnailUrl":"https:\/\/escort-point.com\/escortpoint_trans\/wp-content\/uploads\/2023\/11\/Escort-Roma_Isa.jpg","datePublished":"2022-08-21T18:23:37+00:00","dateModified":"2024-12-08T23:32:03+00:00","description":"EscortPoint trans: Leggete e pubblicate gratis, annunci e recensioni di top-trans, trans Roma, trans Milano, shemale Roma, transex Italia","breadcrumb":{"@id":"https:\/\/escort-point.com\/escortpoint_trans\/#breadcrumb"},"inLanguage":"it-IT","potentialAction":[{"@type":"ReadAction","target":["https:\/\/escort-point.com\/escortpoint_trans\/"]}]},{"@type":"ImageObject","inLanguage":"it-IT","@id":"https:\/\/escort-point.com\/escortpoint_trans\/#primaryimage","url":"","contentUrl":""},{"@type":"BreadcrumbList","@id":"https:\/\/escort-point.com\/escortpoint_trans\/#breadcrumb","itemListElement":[{"@type":"ListItem","position":1,"name":"Home","item":"https:\/\/escort-point.com\/escortpoint_trans\/"},{"@type":"ListItem","position":2,"name":"EscortPoint Trans"}]},{"@type":"WebSite","@id":"https:\/\/escort-point.com\/escortpoint_trans\/#website","url":"https:\/\/escort-point.com\/escortpoint_trans\/","name":"EscortPoint Trans","description":"EscortPoint trans Roma, trans Milano, transex in Italia","publisher":{"@id":"https:\/\/escort-point.com\/escortpoint_trans\/#organization"},"potentialAction":[{"@type":"SearchAction","target":{"@type":"EntryPoint","urlTemplate":"https:\/\/escort-point.com\/escortpoint_trans\/?s={search_term_string}"},"query-input":{"@type":"PropertyValueSpecification","valueRequired":true,"valueName":"search_term_string"}}],"inLanguage":"it-IT"},{"@type":"Organization","@id":"https:\/\/escort-point.com\/escortpoint_trans\/#organization","name":"EscortPoint Trans","url":"https:\/\/escort-point.com\/escortpoint_trans\/","logo":{"@type":"ImageObject","inLanguage":"it-IT","@id":"https:\/\/escort-point.com\/escortpoint_trans\/#\/schema\/logo\/image\/","url":"","contentUrl":"","caption":"EscortPoint Trans"},"image":{"@id":"https:\/\/escort-point.com\/escortpoint_trans\/#\/schema\/logo\/image\/"}}]}},"_links":{"self":[{"href":"https:\/\/escort-point.com\/escortpoint_trans\/wp-json\/wp\/v2\/pages\/27","targetHints":{"allow":["GET"]}}],"collection":[{"href":"https:\/\/escort-point.com\/escortpoint_trans\/wp-json\/wp\/v2\/pages"}],"about":[{"href":"https:\/\/escort-point.com\/escortpoint_trans\/wp-json\/wp\/v2\/types\/page"}],"author":[{"embeddable":true,"href":"https:\/\/escort-point.com\/escortpoint_trans\/wp-json\/wp\/v2\/users\/1"}],"replies":[{"embeddable":true,"href":"https:\/\/escort-point.com\/escortpoint_trans\/wp-json\/wp\/v2\/comments?post=27"}],"version-history":[{"count":0,"href":"https:\/\/escort-point.com\/escortpoint_trans\/wp-json\/wp\/v2\/pages\/27\/revisions"}],"wp:attachment":[{"href":"https:\/\/escort-point.com\/escortpoint_trans\/wp-json\/wp\/v2\/media?parent=27"}],"curies":[{"name":"wp","href":"https:\/\/api.w.org\/{rel}","templated":true}]}}